{"id":2,"date":"2018-04-25T07:51:40","date_gmt":"2018-04-25T07:51:40","guid":{"rendered":"http:\/\/192.168.120.102\/praxis-beinhorn\/?page_id=2"},"modified":"2022-01-04T16:05:47","modified_gmt":"2022-01-04T16:05:47","slug":"sample-page","status":"publish","type":"page","link":"https:\/\/www.dr-beinhorn.de\/","title":{"rendered":"Startseite"},"content":{"rendered":"<p style=\"text-align: center;\">&#8222;Gesunde Z\u00e4hne &#8211; ein Leben lang&#8220; &#8211; das ist unsere Praxisphilosophie seit vielen Jahren. Die Gesundheit Ihrer Z\u00e4hne und Ihres Zahnfleisches liegt uns in besonderem Ma\u00dfe am Herzen. Ziel unserer Arbeit ist es, Ihre Z\u00e4hne nicht nur sch\u00f6n, sondern vor allem gesund zu erhalten. Dabei suchen wir gemeinsam mit Ihnen den optimalen Weg, um dies zu erreichen.<\/p>\n\n\n<p><\/p>\n","protected":false},"excerpt":{"rendered":"<p>&#8222;Gesunde Z\u00e4hne &#8211; ein Leben lang&#8220; &#8211; das ist unsere Praxisphilosophie seit vielen Jahren. Die Gesundheit Ihrer Z\u00e4hne und Ihres Zahnfleisches liegt uns in besonderem Ma\u00dfe am Herzen. Ziel unserer Arbeit ist es, Ihre Z\u00e4hne nicht nur sch\u00f6n, sondern vor allem gesund zu erhalten. Dabei suchen wir gemeinsam mit Ihnen den optimalen Weg, um dies zu erreichen.<\/p>\n","protected":false},"author":2,"featured_media":0,"parent":0,"menu_order":0,"comment_status":"closed","ping_status":"open","template":"page-templates\/front-page.php","meta":{"spay_email":""},"_links":{"self":[{"href":"https:\/\/www.dr-beinhorn.de\/index.php?rest_route=\/wp\/v2\/pages\/2"}],"collection":[{"href":"https:\/\/www.dr-beinhorn.de\/index.php?rest_route=\/wp\/v2\/pages"}],"about":[{"href":"https:\/\/www.dr-beinhorn.de\/index.php?rest_route=\/wp\/v2\/types\/page"}],"author":[{"embeddable":true,"href":"https:\/\/www.dr-beinhorn.de\/index.php?rest_route=\/wp\/v2\/users\/2"}],"replies":[{"embeddable":true,"href":"https:\/\/www.dr-beinhorn.de\/index.php?rest_route=%2Fwp%2Fv2%2Fcomments&post=2"}],"version-history":[{"count":13,"href":"https:\/\/www.dr-beinhorn.de\/index.php?rest_route=\/wp\/v2\/pages\/2\/revisions"}],"predecessor-version":[{"id":354,"href":"https:\/\/www.dr-beinhorn.de\/index.php?rest_route=\/wp\/v2\/pages\/2\/revisions\/354"}],"wp:attachment":[{"href":"https:\/\/www.dr-beinhorn.de\/index.php?rest_route=%2Fwp%2Fv2%2Fmedia&parent=2"}],"curies":[{"name":"wp","href":"https:\/\/api.w.org\/{rel}","templated":true}]}}